= p - 29. Is 153624/g - 4/14 composite?
True
Suppose -38*s + 14*s + 624120 = 0. Suppose 0 = -8*f + s + 50211. Is f prime?
False
Let j(z) = z**2 - 13*z + 5. Let m be j(5). Suppose -41*q - 1180 = -51*q. Let i = q + m. Is i prime?
True
Let n(q) = -46*q - 17. Let r(w) = -3*w - 12. Suppose o + o - 8 = 3*g, -g - 5*o = -20. Let h be r(g). Is n(h) prime?
False
Let w = 200766 + -63703. Is w a composite number?
True
Let m(u) = u**3 + 11*u**2 + 3*u + 59. Let j be m(-11). Suppose -13*c - 136487 = -j*c. Is c a composite number?
False
Suppose -3*c + 3268 + 4565 = 0. Suppose 1378 = t - c. Is t prime?
True
Let w = 836494 + -407963. Is w a prime number?
True
Is (-15 + 4 - -4) + (52598 - 32/4) prime?
True
Let v(s) be the second derivative of 23*s**3/3 + 27*s**2/2 - 2*s. Suppose 19*f - 231 = 73. Is v(f) composite?
True
Suppose -j = j + 80. Let m = 231 + -165. Let w = m + j. Is w prime?
False
Suppose -72*p = -57*p. Suppose p = 64*t - 68*t + 7076. Is t a composite number?
True
Let x = 128659 + -63590. Is x a composite number?
True
Let j(x) = 61*x - 32. Let z(d) = -64*d + 31. Let b(l) = 4*j(l) + 5*z(l). Suppose 13 = 5*g + 63. Is b(g) prime?
True
Let s(l) = 2787 - 2*l**2 + 7*l - 3*l**2 - 6*l + 4*l**2. Is s(0) composite?
True
Let k(i) = -i**2 - 11*i + 5. Let y be k(-4). Let g(u) = -u**3 + 36*u**2 + 22*u + 110. Is g(y) prime?
False
Let s be (-3211)/(-91) - (-10)/(-35). Is 3667/5 + (-14)/s prime?
True
Let j = -49393 + 71622. Is j a composite number?
False
Let s = 898011 - 439702. Is s a prime number?
True
Suppose 5*b - 1400 = -5*i, b - 444 - 676 = -4*i. Suppose -8*z + i = -496. Is z composite?
False
Suppose 0 = -5*v + 3*s - 4805, -2*v - 3*s = -0*s + 1901. Let z = v + 3663. Is z prime?
False
Let b = 307 - 13. Let z = b - -47. Is z composite?
True
Let t be 375/50 - (-3)/12*-2. Suppose 1156 = q - 5*h, 2 + t = -3*h. Is q a prime number?
False
Suppose -y - 165294 - 86971 = -3*n, 0 = -5*n - 2*y + 420449. Is n prime?
True
Is 15 - 1089/72 - 2882925/(-40) prime?
True
Suppose 5*t - 244817 = k + 156734, -2*t + 2*k + 160630 = 0. Is t a composite number?
False
Is 6/(-63) - 4*(-17387420)/336 composite?
False
Let u(y) = -15*y**2 + 43*y**3 + 7*y + 7*y + 34 - 42*y**3 - y. Let w be u(14). Is -6 + 116/w + 39892/10 composite?
False
Let z = -75354 + 112163. Is z prime?
True
Is (-13 + (-169589)/(-35))/(4/10) composite?
True
Let v = -517 - -518. Let t(k) = 3609*k + 40. Is t(v) a prime number?
False
Let f be 5 - ((-1 + 38)*523)/1. Let p = f + 35529. Is p a composite number?
False
Let d(i) = 4703*i + 452. Is d(13) prime?
False
Suppose 62594 = 2*b - 2*a, 87*b - 90*b + 2*a + 93897 = 0. Is b a composite number?
True
Let r = 323728 + 166571. Is r composite?
True
Let k(r) = -277528*r + 2629. Is k(-14) a prime number?
False
Suppose -14*v = -24*v + 60. Let y(z) = 39*z**3 - 6*z**2 + 7*z + 13. Is y(v) a prime number?
True
Let j = -45 - -56. Let d = j - 7. Suppose -632 = -d*z - 4*z. Is z a prime number?
True
Suppose 9653 = 2*l - 4*l + 44895. Is l a prime number?
False
Suppose 0 = -6*r + 2*r + 3*q - 55130, -5*q = -4*r - 55134. Let f = 14946 - r. Is f a prime number?
False
Let d = -250 + 312. Is d/31 + (-5)/(5/(-1592)) a composite number?
True
Let t = 2655 + 24415. Suppose -38*u + t = -28*u. Is u a prime number?
True
Let j = 57902 + -29482. Suppose -13*z + 18*z - j = 0. Suppose 2*u - 2 = 0, 5*v - u = 3490 + z. Is v composite?
True
Suppose 2809625 = 132*p - 1027747. Is p a prime number?
False
Is (-49128)/414*14754/(-8) prime?
False
Suppose -26679*s + 26627*s = -61469512. Is s composite?
True
Suppose 68*r - 58409 = 55*r. Is r prime?
True
Let a(l) = 8*l - 118. Let y be a(15). Is -4364*(y + (-72)/32) a prime number?
True
Is (-176956)/(-5) - 333/(-185) composite?
False
Suppose -33*l - 19*l = -19*l - 5223405. Is l a prime number?
False
Let m(d) = 3350*d**2 + 31*d + 3. Is m(-2) a prime number?
False
Let i = -7525 - -15590. Suppose -38192 = 26*d - 33*d. Let r = i - d. Is r a prime number?
True
Is ((-66)/(-4))/(-1)*314464/(-1488) a composite number?
True
Is ((-1658941)/(-20) - 1/4)/((-12)/(-30)) a composite number?
False
Let u = 12095 + -25086. Let h = u + 18572. Is h a composite number?
False
Let g(y) = -52*y + 803. Is g(9) composite?
True
Let l(d) = -9*d**3 + 2*d**2 - 2*d - 6. Let i be l(3). Is 79/i - 19646/(-6) prime?
False
Suppose 2*t - 6*t - 4 = -4*p, 2*t + 7 = 3*p. Suppose m = -4*q + 7105, t*q = -16*m + 11*m + 35493. Is m composite?
True
Let h(l) = 31*l**2 + 77*l - 71. Suppose 0 = t - 115 + 139. Is h(t) a prime number?
True
Let n(y) = 71*y**2 + 4*y + 4. Let k be (13 - 9)*(3/(-2))/1. Let i be k + (-3 - (-6 - 0/(-4))). Is n(i) a composite number?
False
Suppose 0 = y + 3 - 0. Let k(p) = p**3 + p**2 - 6*p. Let o be k(y). Suppose o = 5*i - i - 2*g - 1014, -4 = 4*g. Is i a composite number?
True
Suppose -154*a - 6404 = -155*a - 3*g, 4*a - 3*g - 25661 = 0. Let u = 41062 - a. Is u a composite number?
False
Let n(h) = -6610*h + 4401. Is n(-20) prime?
True
Suppose 2*l = 7*l + 4*r + 1, -4*r = -4. Let y(b) = -b**2 - b. Let o be y(l). Suppose o = -6*q + 9*q - 3453. Is q prime?
True
Is 28434 + -10 - (3 + -8) a composite number?
False
Let d be 40/6*66/8. Let u = d + 14. Is ((-18446)/u)/((-2)/9) prime?
False
Suppose 9232*o = 9272*o - 833240. Is o a prime number?
False
Let a(w) = 119*w**2 + 37*w + 55. Is a(14) composite?
True
Let w(g) be the third derivative of -g**6/120 + g**5/15 - 11*g**4/24 + 61*g**3/6 + g**2 + 9*g. Is w(-19) a prime number?
True
Let z = 157659 + -97708. Is z a composite number?
False
Let q(a) = 11352*a + 2249. Is q(81) a prime number?
True
Let c be 5 + -10 + (0 - (-22371 - -1)). Suppose 5*g = 5*u + c, 10*g - 22351 = 5*g - 2*u. Is g a composite number?
True
Let r(g) = -2*g**3 - 12*g**2 + g + 22. Let s be r(-6). Let h be 1/(-2) - 40/s. Is -5 - -6 - -736 - h/(-1) a prime number?
False
Suppose 15*w - 14*w = -4*a + 79904, -39946 = -2*a - 2*w. Is a a composite number?
True
Let m = -215 + 403. Suppose o = m + 80. Suppose 19 = -n - 5*l + 168, o = 2*n - 5*l. Is n a composite number?
False
Let p(w) = -12*w + 3. Let g(q) = q**3 + 3*q**2 + 2*q + 2. Let c be g(-2). Let s be p(c). Is (s - 161)/(-1 - 1) a prime number?
False
Let b(y) = 191*y**3 + 46*y**2 + 42*y - 71. Is b(12) a prime number?
False
Let b be ((-48)/(-80))/(1/20). Let n = b + 289. Is n a prime number?
False
Is (-27)/72 + 2/4 - 47988105/(-120) composite?
True
Let i(q) = 8*q**2 - 9*q + 22. Let g(t) = t**3 + t**2 - 3*t. Suppose -4*n + 8 = 20. Let f be g(n). Is i(f) prime?
True
Let i = -307 + -180. Suppose -555 = 5*p + 825. Let x = p - i. Is x prime?
True
Let h(i) = 126*i**2 + 43*i + 229. Is h(70) a composite number?
False
Suppose 3*h + 5*h = 56. Suppose -5*w - 8 = -3*w, 5*g + 2*w = h. Suppose 3 = 2*t - 1, 0 = -5*c + g*t + 439. Is c composite?
False
Is ((-5)/15*(-6)/(-4))/(8/(-2877712)) composite?
True
Let s = -1476 - -2949. Suppose 815 + s = 8*m. Let j = m + 111. Is j composite?
False
Let k = 62093 - 30511. Is k composite?
True
Suppose 0*b = b - 2. Suppose 7*t = -b*t + 2*t. Suppose -w + 274 + 463 = t. Is w a composite number?
True
Suppose 4*n + 280935 = 3*t - 308156, 4*n = -5*t + 981765. Is t prime?
False
Let t = -1568 + 3525. Suppose 2906 = y + 3*x, 10669 = 3*y + 3*x + t. Is y a prime number?
True
Let a = -316511 + 1226496. Is a composite?
True
Suppose 5*k + 31 = 66, 98008 = s + 3*k. Is s a prime number?
True
Let t(m) = 217*m**2 - 4*m. Let f be t(-2). Is 2*(-2)/(-4) + f prime?
True
Let n be (40/6)/((-16)/(-24)). Let q(m) be the first derivative of 2*m**3 - 6*m**2 - 14*m - 40. Is q(n) a composite number?
True
Suppose z + 4*z = -4*s - 11, -3*s + 12 = -3*z. Is ((-90)/(-24) + 0 + z)*10124 prime?
False
Suppose b - 74 = -3*q, -31 - 106 = -2*b + 5*q. Suppose 0 = 2*d + 4*i - 2814, 0 = 5*d + 4*i + b - 7082. Is d a composite number?
False
Let y(h) = -3 + 25*h + 3 - 23*h + 18. Let j be y(-7). Is 2338/4 + 10/j composite?
False
Let m = 14 + -6. Let x(n) = 22 - 50*n - 18 + m + 24. Is x(-11) composite?
True
Suppose 55*d - 9111906 = -989341. Is d composite?
True
Is -1 + 141181 + (-10 - (10 - 19)) composite?
False
Suppose 0 = 5*x + 243 - 68. Let c be ((-20)/x)/(4/(-14)). Is -2*((-255)/c)/(-5) prime?
False
Suppose -1504410 = 223*z - 253*z. Is z composite?
False
Let i = -3 - -16. Suppose 28 = 17*v - i*v. Is v/14*-4967*(-1 + -1) prime?
True
Suppose -16*h - 18*h = -25*h - 